MONTHLY CLIMATOLOGICAL SUMMARY for okt 2019 NAME: Domzale ELEV: 296 meter LAT: 46-07.80 N LONG: 014-36.07 E TEMPERATURE (°C), RAIN (mm), WIND SPEED (km/h) HEAT COOL AVG MEAN DEG DEG WIND DOM DAY TEMP HIGH TIME LOW TIME DAYS DAYS RAIN SPEED HIGH TIME DIR --------------------------------------------------------------------------------------- 01 16,6 22,1 13:52 13,1 23:56 1,4 0,0 0,0 0,3 11,3 14:51 328 02 14,0 23,1 12:33 10,3 22:40 4,0 0,0 84,9 0,6 21,2 13:21 330 03 10,9 15,5 17:03 5,2 00:00 7,1 0,0 0,0 0,5 11,3 17:21 180 04 8,4 17,0 15:24 3,5 04:30 9,6 0,0 1,2 0,2 10,4 14:39 209 05 11,8 20,0 16:45 6,4 03:35 6,2 0,0 0,0 1,3 16,7 16:48 224 06 9,9 16,9 14:39 2,9 07:21 8,1 0,0 0,0 0,5 13,5 12:03 180 07 10,7 16,2 16:05 7,9 07:30 7,3 0,0 0,0 0,5 18,0 14:09 284 08 9,2 18,5 17:06 2,5 06:29 8,8 0,0 0,0 0,3 11,3 12:03 249 09 11,0 17,1 17:10 4,4 04:13 7,0 0,0 3,0 0,5 15,3 17:03 338 10 12,5 15,7 15:18 10,9 05:09 5,5 0,0 72,9 0,1 5,4 14:36 179 11 10,6 19,9 16:51 7,1 04:28 7,4 0,0 0,0 0,6 13,5 12:42 321 12 12,4 21,2 14:43 5,9 08:21 5,6 0,0 2,1 2,4 22,5 14:36 217 13 13,5 21,8 14:36 7,0 07:17 4,5 0,0 0,0 1,3 21,6 14:57 226 14 13,8 22,3 15:21 8,4 07:33 4,2 0,0 0,0 1,7 15,3 14:06 211 15 13,2 19,7 16:57 8,0 07:26 4,8 0,0 0,0 0,6 13,1 14:48 258 16 15,2 23,3 16:39 9,9 23:42 2,8 0,0 34,2 0,4 13,5 13:30 215 17 13,8 21,8 16:33 9,8 23:27 4,2 0,0 0,0 0,3 10,4 16:36 240 18 12,6 19,1 15:04 7,9 06:06 5,4 0,0 0,0 1,1 18,0 14:33 219 19 20 21 18,5 23,3 14:48 11,4 00:00 0,0 0,5 0,0 1,3 17,6 13:24 218 22 14,7 26,7 16:57 8,8 08:08 3,3 0,0 0,9 0,1 6,8 13:06 276 23 14,5 25,7 15:54 9,1 04:30 3,5 0,0 0,9 0,0 5,0 12:54 256 24 12,7 25,6 16:27 7,2 05:50 5,3 0,0 0,0 0,0 5,4 11:18 228 25 11,1 22,2 15:51 6,0 05:18 6,9 0,0 0,9 0,0 5,0 12:24 248 26 10,5 22,6 16:54 4,9 06:00 7,5 0,0 0,9 0,1 4,1 11:42 198 27 11,1 25,7 15:01 4,4 06:22 6,9 0,0 0,9 0,1 5,0 14:00 211 28 10,9 17,0 13:37 4,8 04:45 7,1 0,0 0,0 0,1 5,9 10:30 231 29 8,3 12,9 00:03 6,5 23:06 9,7 0,0 30,9 0,1 5,0 02:24 255 30 7,2 9,2 14:21 5,9 23:13 10,8 0,0 0,0 0,1 9,0 14:51 202 31 5,9 8,2 13:33 4,5 07:48 12,1 0,0 14,7 0,1 9,9 12:51 175 --------------------------------------------------------------------------------------- 11,8 26,7 22 2,5 08 177,2 0,5 248,4 0,5 22,5 12 227