CLIMATOLOGICAL SUMMARY for year 2019 NAME: Domzale ELEV: 296 meter LAT: 46-07.80 N LONG: 014-36.07 E TEMPERATURE (°C) HEAT COOL MAX MAX MIN MIN MEAN MEAN DEG DEG >= <= <= <= YR MO MAX MIN MEAN DAYS DAYS HI DAY LOW DAY 30 0 0 -20 ------------------------------------------------------------------------------------------------ 2019 01 2019 02 2019 03 2019 04 2019 05 2019 06 31,1 16,2 23,1 0,0 66,5 37,6 27 12,5 30 9 0 0 0 2019 07 29,9 16,3 22,7 6,1 121,4 36,6 24 10,4 16 17 0 0 0 2019 08 29,1 16,1 21,5 0,0 106,4 34,1 20 10,3 15 15 0 0 0 2019 09 22,6 11,6 15,7 65,8 14,5 31,8 16 3,2 21 1 0 0 0 2019 10 19,7 7,1 11,8 177,2 0,5 26,7 22 2,5 08 0 0 0 0 2019 11 10,9 5,3 7,9 203,8 0,0 17,8 03 -0,4 30 0 0 1 0 2019 12 7,5 -0,8 2,4 484,4 0,0 15,2 17 -8,5 30 0 0 19 0 ------------------------------------------------------------------------------------------------ 21,0 9,8 14,2 937,3 309,4 37,6 jun -8,5 dec 42 0 20 0 PRECIPITATION (mm) MAX ---DAYS OF RAIN--- OBS. OVER YR MO TOTAL DAY DATE 0.30 3.00 30.00 ------------------------------------------------ 2019 01 2019 02 2019 03 2019 04 2019 05 2019 06 436,8 168,0 20 7 4 4 2019 07 254,7 67,8 09 16 12 3 2019 08 442,2 125,7 02 20 10 6 2019 09 396,3 105,6 23 15 11 5 2019 10 248,4 84,9 02 13 6 4 2019 11 317,7 61,8 05 11 9 6 2019 12 329,1 99,6 21 12 7 4 ------------------------------------------------ 2425,2 168,0 jun 94 59 32 WIND SPEED (km/h) DOM YR MO AVG HI DATE DIR ----------------------------------- 2019 01 2019 02 2019 03 2019 04 2019 05 2019 06 0,4 27,9 20 175 2019 07 0,6 38,3 07 205 2019 08 0,6 30,2 03 225 2019 09 0,5 22,5 18 207 2019 10 0,5 22,5 12 227 2019 11 0,2 23,9 05 188 2019 12 0,1 20,7 20 229 ----------------------------------- 0,5 38,3 jul 211