MONTHLY CLIMATOLOGICAL SUMMARY for jul 2020 NAME: Domzale ELEV: 296 meter LAT: 46-07.80 N LONG: 014-36.07 E TEMPERATURE (°C), RAIN (mm), WIND SPEED (km/h) HEAT COOL AVG MEAN DEG DEG WIND DOM DAY TEMP HIGH TIME LOW TIME DAYS DAYS RAIN SPEED HIGH TIME DIR --------------------------------------------------------------------------------------- 01 23,4 32,2 15:55 15,6 06:00 0,0 5,4 48,6 0,1 12,2 17:40 175 02 22,8 30,7 13:06 16,8 05:08 0,0 4,8 13,2 0,3 15,3 14:32 192 03 19,2 24,7 17:25 15,8 23:56 0,0 1,2 41,7 0,1 8,1 16:45 180 04 20,4 28,4 18:21 14,2 06:45 0,0 2,4 108,3 0,4 13,5 13:33 168 05 19,3 31,2 18:34 11,6 06:06 0,0 1,3 0,6 0,3 9,0 14:40 216 06 23,1 32,5 15:32 14,4 05:11 0,0 5,1 135,0 1,0 31,9 21:27 176 07 17,4 24,8 17:50 11,9 05:18 0,6 0,0 22,2 0,6 18,4 15:40 164 08 19,0 29,2 17:39 9,7 04:51 0,0 1,0 15,0 0,2 6,8 10:47 209 09 24,0 32,8 17:09 13,0 03:30 0,0 6,0 0,0 0,3 11,2 13:26 205 10 23,3 33,8 15:45 13,7 05:57 0,0 5,3 0,0 0,3 9,0 17:18 220 11 15,8 18,2 00:00 14,5 05:24 2,2 0,0 0,0 0,0 0,0 00:00 90 12 20,7 25,1 17:49 12,8 23:59 0,0 2,7 0,0 0,6 15,3 16:18 181 13 19,6 25,8 16:12 9,4 04:52 0,0 1,6 0,0 0,7 19,4 16:19 207 14 19,0 26,0 16:43 9,3 05:39 0,0 1,0 0,0 0,4 11,7 15:54 172 15 19,3 29,3 16:51 9,9 05:39 0,0 1,3 0,3 0,3 11,7 18:33 217 16 20,2 27,6 15:48 14,3 05:04 0,0 2,2 18,9 0,5 15,3 16:33 329 17 17,7 23,2 17:30 13,8 23:58 0,3 0,0 32,4 0,3 14,8 11:53 201 18 16,4 22,8 12:24 11,0 05:46 1,6 0,0 3,0 0,2 11,7 16:06 171 19 18,8 27,9 16:45 10,2 05:47 0,0 0,8 3,0 0,2 11,7 14:12 216 20 23,1 32,7 17:13 14,3 05:49 0,0 5,1 0,6 0,3 12,2 15:12 199 21 23,3 33,2 15:23 14,6 05:51 0,0 5,3 0,0 0,5 9,9 20:46 204 22 23,6 31,6 15:33 16,0 05:57 0,0 5,6 6,9 0,6 21,6 17:07 280 23 25,5 31,1 16:12 16,8 07:02 0,0 7,5 1,2 0,7 16,2 14:04 170 24 20,4 25,4 13:25 16,4 23:54 0,0 2,4 13,5 0,6 12,2 17:40 325 25 20,3 30,1 17:51 16,0 05:59 0,0 2,3 236,4 0,2 8,1 11:35 197 26 21,3 31,1 17:24 13,4 05:19 0,0 3,3 0,9 0,4 14,8 16:26 261 27 24,6 32,7 16:53 16,1 07:03 0,0 6,6 0,9 0,3 11,2 18:50 194 28 24,7 35,5 15:52 16,1 06:06 0,0 6,7 0,6 0,3 9,9 16:49 213 29 26,4 34,6 16:23 18,6 04:36 0,0 8,4 273,3 1,0 22,9 20:58 278 30 24,5 32,8 17:54 18,4 04:27 0,0 6,5 4,8 0,3 13,5 16:25 188 31 25,1 33,0 14:17 19,7 05:45 0,0 7,1 4,5 0,3 13,5 14:44 283 --------------------------------------------------------------------------------------- 21,4 35,5 28 9,3 14 4,7 108,8 985,8 0,4 31,9 06 198