MONTHLY CLIMATOLOGICAL SUMMARY for avg 2020 NAME: Domzale ELEV: 296 meter LAT: 46-07.80 N LONG: 014-36.07 E TEMPERATURE (°C), RAIN (mm), WIND SPEED (km/h) HEAT COOL AVG MEAN DEG DEG WIND DOM DAY TEMP HIGH TIME LOW TIME DAYS DAYS RAIN SPEED HIGH TIME DIR --------------------------------------------------------------------------------------- 01 26,0 36,0 17:14 19,4 05:18 0,0 8,0 1,2 0,3 13,1 13:55 203 02 20,2 23,7 00:00 17,2 23:57 0,0 2,2 66,6 0,3 8,6 05:55 331 03 19,3 24,0 12:50 16,4 23:12 0,0 1,3 98,1 0,2 16,6 19:36 205 04 18,5 24,3 12:48 15,6 00:00 0,0 0,5 8,4 0,3 19,4 13:14 322 05 17,3 24,2 17:40 14,6 08:00 0,7 0,0 3,9 0,2 8,6 19:17 201 06 23,4 27,9 15:32 17,5 23:54 0,0 5,4 0,0 0,5 13,1 18:56 187 07 22,9 32,5 15:42 15,7 06:24 0,0 4,9 43,5 0,1 11,2 14:07 256 08 23,6 33,2 16:45 14,7 06:42 0,0 5,6 2,7 0,3 14,4 15:06 199 09 23,7 33,8 15:00 15,4 06:13 0,0 5,7 0,0 0,1 7,2 14:26 205 10 24,8 34,5 16:22 16,9 06:25 0,0 6,8 0,3 0,2 8,6 16:16 188 11 24,3 29,1 15:27 18,3 23:47 0,0 6,3 0,0 0,6 13,5 13:06 330 12 22,6 30,7 18:27 16,6 05:39 0,0 4,6 0,0 0,4 19,4 15:16 257 13 24,2 32,3 16:33 17,6 06:12 0,0 6,2 0,0 0,6 16,6 15:42 210 14 20,6 30,0 14:13 17,2 00:00 0,0 2,6 48,0 0,4 19,8 19:12 280 15 21,1 29,8 16:03 16,3 02:12 0,0 3,1 0,0 0,1 9,9 18:12 229 16 22,4 30,6 15:49 17,4 04:31 0,0 4,4 0,0 0,1 5,0 11:35 186 17 20,9 31,3 15:39 17,4 22:59 0,0 2,9 4,2 0,3 15,3 19:54 220 18 19,8 25,4 15:38 15,8 06:57 0,0 1,8 0,9 0,0 5,8 15:54 196 19 21,9 30,2 15:13 14,3 05:48 0,0 3,9 0,9 0,3 12,2 15:16 199 20 21,9 33,3 16:43 13,3 06:51 0,0 3,9 1,5 0,1 5,8 14:18 241 21 23,3 33,1 15:35 16,2 05:53 0,0 5,3 0,3 0,4 9,9 16:13 210 22 24,0 33,2 15:21 17,3 06:15 0,0 6,0 1,8 0,3 11,2 16:04 217 23 21,1 25,0 14:50 19,4 06:29 0,0 3,1 0,0 0,1 8,6 14:13 259 24 16,3 16,7 22:37 15,6 00:00 1,7 0,0 0,0 0,0 2,2 22:36 21 25 20,4 29,7 17:57 14,3 07:39 0,0 2,4 0,6 0,4 11,2 12:38 187 26 19,9 28,5 15:08 12,1 06:36 0,0 1,9 0,0 0,9 16,6 14:27 214 27 21,5 31,1 16:39 13,8 06:42 0,0 3,5 0,0 0,2 12,2 11:40 202 28 21,7 30,2 15:03 14,7 06:45 0,0 3,7 0,0 0,2 11,7 15:09 221 29 23,7 30,9 14:54 18,5 02:09 0,0 5,7 0,0 1,0 21,6 15:02 317 30 19,6 23,8 13:45 16,7 07:00 0,0 1,6 46,2 0,5 23,9 14:33 336 31 16,0 19,5 13:14 13,4 20:31 2,0 0,0 70,5 0,0 5,0 13:30 283 --------------------------------------------------------------------------------------- 21,6 36,0 01 12,1 26 4,4 113,3 399,6 0,3 23,9 30 221