MONTHLY CLIMATOLOGICAL SUMMARY for sep 2020 NAME: Domzale ELEV: 296 meter LAT: 46-07.80 N LONG: 014-36.07 E TEMPERATURE (°C), RAIN (mm), WIND SPEED (km/h) HEAT COOL AVG MEAN DEG DEG WIND DOM DAY TEMP HIGH TIME LOW TIME DAYS DAYS RAIN SPEED HIGH TIME DIR --------------------------------------------------------------------------------------- 01 16,8 26,4 18:10 12,8 06:31 1,2 0,0 20,7 0,1 8,6 17:16 239 02 16,9 24,8 17:33 11,6 04:15 1,1 0,0 0,0 0,2 11,2 12:02 188 03 15,9 25,7 15:59 10,8 02:24 2,1 0,0 0,0 0,2 11,2 12:41 195 04 17,4 29,4 17:54 9,8 04:54 0,6 0,0 0,9 0,1 7,2 10:17 218 05 20,2 33,6 17:37 10,7 06:57 0,0 2,2 0,0 0,1 6,8 15:09 212 06 19,6 29,7 16:30 12,1 06:12 0,0 1,6 0,0 0,3 30,1 21:00 312 07 18,5 22,0 14:22 15,0 22:32 0,0 0,5 0,0 0,1 12,2 13:36 255 08 18,0 26,6 16:26 12,3 03:18 0,0 0,0 0,0 0,2 11,2 11:50 196 09 17,5 29,3 17:00 9,9 04:47 0,5 0,0 0,0 0,1 8,1 14:22 216 10 19,1 29,1 15:45 12,7 05:06 0,0 1,1 0,0 0,2 12,2 14:23 180 11 19,9 28,4 17:39 13,1 07:27 0,0 1,9 0,0 0,3 13,5 12:18 193 12 23,1 30,8 16:07 15,6 23:59 0,0 5,1 0,0 0,2 9,0 16:07 230 13 20,3 30,5 15:44 12,5 05:57 0,0 2,3 0,0 0,3 16,2 13:53 179 14 20,2 30,9 15:52 13,1 07:21 0,0 2,2 0,0 0,2 11,7 14:27 187 15 18,8 31,8 15:33 12,1 07:06 0,0 0,8 0,0 0,2 9,9 15:47 255 16 18,8 28,3 16:11 13,4 07:10 0,0 0,8 0,0 0,1 4,0 11:04 192 17 22,6 29,1 15:36 15,5 23:52 0,0 4,6 0,0 0,5 16,2 14:20 227 18 17,4 22,9 15:11 14,4 23:59 0,6 0,0 0,0 0,4 16,6 15:48 183 19 15,2 23,8 15:00 9,0 07:11 2,8 0,0 0,0 0,4 13,5 16:39 170 20 14,9 26,3 16:00 6,7 06:58 3,1 0,0 0,0 0,2 5,8 13:57 213 21 16,6 25,2 16:27 9,4 06:25 1,4 0,0 0,0 0,1 5,8 16:15 202 22 16,7 22,7 14:45 13,4 02:55 1,3 0,0 3,3 0,1 5,8 14:27 218 23 16,9 22,5 13:55 13,6 23:48 1,1 0,0 19,5 0,2 10,3 13:41 232 24 18,0 24,9 16:19 12,7 06:43 0,0 0,0 0,0 0,5 18,4 13:36 212 25 15,5 18,7 16:24 11,6 00:00 2,5 0,0 40,5 0,2 13,5 14:47 304 26 9,7 16,3 17:01 6,9 07:15 8,3 0,0 0,6 0,1 11,2 01:41 219 27 9,2 16,5 14:09 5,6 07:00 8,8 0,0 6,9 0,1 8,1 15:22 218 28 10,1 12,4 13:21 8,9 08:27 7,9 0,0 18,6 0,3 5,8 13:06 343 29 12,0 21,3 16:57 7,6 05:30 6,0 0,0 0,0 0,0 5,8 14:24 304 30 11,5 24,9 16:48 7,2 03:14 6,5 0,0 0,9 0,0 1,8 11:30 257 --------------------------------------------------------------------------------------- 17,0 33,6 05 5,6 27 56,1 23,2 111,9 0,2 30,1 06 206