MONTHLY CLIMATOLOGICAL SUMMARY for nov 2020 NAME: Domzale ELEV: 296 meter LAT: 46-07.80 N LONG: 014-36.07 E TEMPERATURE (°C), RAIN (mm), WIND SPEED (km/h) HEAT COOL AVG MEAN DEG DEG WIND DOM DAY TEMP HIGH TIME LOW TIME DAYS DAYS RAIN SPEED HIGH TIME DIR --------------------------------------------------------------------------------------- 01 8,8 15,9 13:57 4,6 03:09 9,2 0,0 0,0 0,0 0,0 00:00 90 02 11,3 20,7 14:49 6,7 06:55 6,7 0,0 0,6 0,3 15,3 15:37 227 03 12,4 22,0 15:27 6,5 06:02 5,6 0,0 0,0 0,0 5,4 13:18 270 04 10,7 12,6 14:03 8,2 07:11 7,3 0,0 0,0 0,0 0,0 07:11 90 05 10,3 12,9 15:14 8,5 23:21 7,7 0,0 1,8 0,0 4,0 04:51 142 06 6,9 17,0 15:32 1,4 23:38 11,1 0,0 0,6 0,0 4,0 13:44 230 07 2,1 14,4 14:51 -1,1 05:14 15,9 0,0 1,2 0,0 1,1 11:14 253 08 3,1 10,7 15:16 0,6 20:51 14,9 0,0 0,0 0,0 1,8 14:06 235 09 3,7 5,9 16:45 1,3 06:57 14,3 0,0 0,3 0,0 5,0 17:41 177 10 5,0 5,7 15:00 4,2 03:43 13,0 0,0 0,0 0,0 1,8 16:10 182 11 5,7 7,2 13:24 4,9 00:00 12,3 0,0 0,0 0,0 5,8 09:27 334 12 5,9 8,1 14:33 4,3 07:36 12,1 0,0 0,0 0,0 2,7 12:55 309 13 6,4 14,4 15:12 2,2 23:03 11,6 0,0 0,6 0,0 5,8 00:51 343 14 6,0 16,4 14:41 2,2 00:00 12,0 0,0 0,0 0,0 0,0 00:00 90 15 4,8 10,1 14:15 0,9 01:41 13,2 0,0 0,3 0,0 16,2 23:54 236 16 7,5 9,8 00:51 5,3 05:52 10,5 0,0 0,3 0,1 11,7 00:30 228 17 7,4 15,0 15:17 2,7 23:57 10,6 0,0 0,0 0,0 6,8 14:31 303 18 3,8 12,4 15:26 1,4 04:27 14,2 0,0 0,0 0,0 1,1 14:44 231 19 3,3 4,0 12:48 2,3 02:57 14,7 0,0 0,0 0,0 1,1 10:08 15 20 4,8 8,9 13:46 3,1 23:37 13,2 0,0 0,0 0,2 18,4 13:53 168 21 2,0 9,2 15:12 -4,3 23:50 16,0 0,0 0,0 0,6 12,2 14:25 167 22 -0,5 9,4 15:28 -6,6 06:52 18,5 0,0 0,0 0,0 6,8 11:48 269 23 0,3 7,6 15:09 -5,0 03:43 17,7 0,0 0,0 0,0 5,8 15:06 326 24 0,8 8,9 14:42 -3,5 23:51 17,2 0,0 0,0 0,0 5,8 13:30 327 25 -1,9 2,4 15:02 -4,9 03:38 19,9 0,0 0,0 0,0 0,0 00:00 90 26 -1,1 0,0 13:57 -2,4 07:56 19,1 0,0 0,0 0,0 1,1 02:44 333 27 0,2 1,4 14:42 -1,8 07:24 17,8 0,0 0,0 0,0 1,1 02:54 328 28 1,1 2,8 15:07 -0,6 07:46 16,9 0,0 0,0 0,0 1,8 02:35 333 29 1,5 4,0 14:20 -3,0 23:38 16,5 0,0 0,0 0,0 5,8 13:48 175 30 -1,2 7,0 13:26 -5,8 07:35 19,2 0,0 0,0 0,0 4,0 12:46 256 --------------------------------------------------------------------------------------- 4,5 22,0 03 -6,6 22 409,1 0,0 5,7 0,1 18,4 20 210