MONTHLY CLIMATOLOGICAL SUMMARY for jun 2021 NAME: Domzale ELEV: 296 meter LAT: 46-07.80 N LONG: 014-36.07 E TEMPERATURE (°C), RAIN (mm), WIND SPEED (km/h) HEAT COOL AVG MEAN DEG DEG WIND DOM DAY TEMP HIGH TIME LOW TIME DAYS DAYS RAIN SPEED HIGH TIME DIR --------------------------------------------------------------------------------------- 01 15,0 25,1 16:04 6,6 06:05 3,0 0,0 1,2 0,5 14,4 15:58 186 02 15,1 26,5 17:00 7,3 06:00 2,9 0,0 0,0 0,9 15,3 14:40 197 03 17,7 29,4 16:49 8,5 05:19 0,3 0,0 0,0 0,7 12,2 16:41 203 04 20,8 29,6 15:57 11,8 03:42 0,0 2,8 0,3 0,8 16,2 19:44 220 05 18,9 29,2 14:57 13,2 04:06 0,0 0,9 0,3 0,7 18,0 14:51 198 06 20,0 23,2 14:57 17,0 23:20 0,0 2,0 0,0 0,3 12,2 17:53 261 07 18,6 24,1 13:33 14,3 23:56 0,0 0,6 0,6 0,4 16,6 16:12 340 08 19,9 30,0 16:06 11,9 04:27 0,0 1,9 0,0 0,1 11,2 15:32 227 09 20,4 27,5 13:38 11,8 03:40 0,0 2,4 11,7 0,3 13,1 16:02 294 10 18,4 27,3 15:56 13,8 23:57 0,0 0,4 7,2 0,0 5,4 02:40 273 11 16,8 28,4 17:26 11,3 04:51 1,2 0,0 0,3 0,2 22,5 18:58 278 12 21,0 30,6 17:33 13,0 02:23 0,0 3,0 0,6 0,1 11,2 19:16 222 13 20,3 27,1 15:49 16,5 04:38 0,0 2,3 1,5 1,2 16,6 17:12 175 14 18,1 26,0 16:56 9,5 05:46 0,0 0,1 0,0 0,4 15,3 17:16 180 15 18,5 31,0 18:04 8,6 06:12 0,0 0,5 0,0 0,1 8,6 15:19 212 16 22,5 31,4 17:12 13,2 05:42 0,0 4,5 0,0 0,2 12,2 16:11 193 17 23,2 33,1 16:00 13,8 05:28 0,0 5,2 0,0 0,1 14,8 15:12 183 18 23,5 32,4 16:09 15,6 06:18 0,0 5,5 0,0 0,6 14,8 16:18 208 19 24,8 36,0 16:18 15,2 06:06 0,0 6,8 0,0 0,3 17,6 14:28 199 20 25,7 34,6 16:05 18,0 05:41 0,0 7,7 0,0 0,6 14,8 19:02 211 21 25,7 33,7 16:31 18,1 06:30 0,0 7,7 0,0 2,1 24,8 13:54 224 22 20,5 31,4 12:55 16,7 05:45 0,0 2,5 0,0 0,5 11,7 11:33 222 23 24,6 36,2 16:46 14,1 05:57 0,0 6,6 0,0 0,3 11,2 17:30 199 24 21,8 31,2 10:58 17,9 05:19 0,0 3,8 0,0 0,1 5,4 09:07 203 25 27,3 31,7 16:43 18,5 22:44 0,0 9,3 0,0 1,5 18,4 17:38 218 26 23,0 32,8 17:12 15,4 03:22 0,0 5,0 0,0 0,5 14,4 15:41 203 27 21,3 30,1 19:34 16,4 04:59 0,0 3,3 0,0 0,0 2,2 19:37 184 28 26,9 37,2 16:39 15,8 05:26 0,0 8,9 0,0 0,6 11,7 18:51 230 29 25,2 34,7 15:11 15,1 05:09 0,0 7,2 0,0 1,9 22,9 16:09 223 30 24,4 32,1 16:07 17,0 05:13 0,0 6,4 0,0 2,6 25,6 15:39 227 --------------------------------------------------------------------------------------- 21,5 37,2 28 6,6 01 7,4 107,0 23,7 0,6 25,6 30 213