MONTHLY CLIMATOLOGICAL SUMMARY for sep 2021 NAME: Domzale ELEV: 296 meter LAT: 46-07.80 N LONG: 014-36.07 E TEMPERATURE (°C), RAIN (mm), WIND SPEED (km/h) HEAT COOL AVG MEAN DEG DEG WIND DOM DAY TEMP HIGH TIME LOW TIME DAYS DAYS RAIN SPEED HIGH TIME DIR --------------------------------------------------------------------------------------- 01 14,1 23,4 12:50 10,7 06:18 3,9 0,0 0,0 0,0 5,4 12:50 228 02 03 24,0 29,1 17:12 14,4 09:15 0,0 6,0 0,0 0,1 3,6 14:58 208 04 21,6 29,9 16:03 13,0 23:59 0,0 3,6 0,0 0,1 8,1 12:34 202 05 16,4 29,3 16:30 8,6 06:48 1,6 0,0 0,0 0,1 12,2 14:27 286 06 20,0 29,1 16:30 9,1 07:34 0,0 2,0 0,3 0,2 13,1 15:34 180 07 17,6 26,3 14:21 8,2 06:00 0,4 0,0 0,0 0,0 8,1 14:34 164 08 17,3 27,3 16:02 9,3 07:06 0,7 0,0 0,0 0,2 13,5 13:33 322 09 17,5 28,7 17:31 6,9 07:00 0,5 0,0 0,0 0,1 13,1 13:00 209 10 20,5 31,4 17:02 8,2 06:17 0,0 2,5 0,0 0,0 3,6 11:17 238 11 21,6 31,7 16:40 8,7 06:34 0,0 3,6 2,1 0,1 9,9 17:10 229 12 19,5 32,6 16:15 9,7 06:48 0,0 1,5 0,0 0,1 9,0 14:32 215 13 19,2 32,6 16:48 10,3 07:15 0,0 1,2 0,0 0,0 5,4 15:19 290 14 19,8 32,3 17:06 11,2 07:00 0,0 1,8 0,3 0,1 12,2 18:23 249 15 20,4 29,8 13:45 10,5 07:03 0,0 2,4 0,0 0,5 20,7 14:17 219 16 19,3 25,6 12:15 14,9 06:54 0,0 1,3 0,0 0,3 16,6 13:03 222 17 16,8 18,7 12:10 14,0 21:56 1,2 0,0 11,1 0,0 2,7 15:46 174 18 16,5 25,5 16:30 11,7 23:44 1,5 0,0 0,6 0,0 8,6 13:26 209 19 14,8 20,6 14:28 9,4 04:56 3,2 0,0 0,0 0,0 2,7 11:38 299 20 12,2 14,9 00:06 10,4 08:47 5,8 0,0 0,0 0,2 14,8 02:46 250 21 13,4 19,3 16:06 9,9 05:07 4,6 0,0 0,0 0,0 13,1 13:16 193 22 12,8 23,3 15:42 7,1 07:24 5,2 0,0 0,0 0,0 8,6 15:50 182 23 11,8 24,5 16:12 4,7 06:20 6,2 0,0 0,0 0,0 2,7 13:24 272 24 14,2 24,0 15:45 6,4 07:00 3,8 0,0 0,3 0,5 16,6 16:42 209 25 14,7 25,2 15:34 7,0 07:20 3,3 0,0 0,3 0,2 16,2 15:53 213 26 16,6 25,1 15:31 9,6 06:39 1,4 0,0 0,3 0,4 16,2 13:12 207 27 18,1 24,1 14:06 13,6 23:59 0,0 0,1 2,1 0,0 4,0 13:17 292 28 17,8 30,0 16:57 12,3 02:41 0,2 0,0 0,0 0,0 0,0 00:00 90 29 17,7 28,2 17:12 11,6 07:21 0,3 0,0 11,4 0,1 9,9 22:23 309 30 14,9 21,8 16:19 8,8 23:36 3,1 0,0 0,3 0,1 14,8 15:20 173 --------------------------------------------------------------------------------------- 16,9 32,6 12 4,7 23 46,7 26,0 29,1 0,1 20,7 15 216