CLIMATOLOGICAL SUMMARY for year 2021 NAME: Domzale ELEV: 296 meter LAT: 46-07.80 N LONG: 014-36.07 E TEMPERATURE (°C) HEAT COOL MAX MAX MIN MIN MEAN MEAN DEG DEG >= <= <= <= YR MO MAX MIN MEAN DAYS DAYS HI DAY LOW DAY 30 0 0 -20 ------------------------------------------------------------------------------------------------ 2021 01 4,4 -2,4 0,6 416,9 0,0 11,0 22 -9,5 17 0 2 15 0 2021 02 2021 03 2021 04 2021 05 20,7 8,1 13,7 92,9 2,1 27,7 11 5,2 26 0 0 0 0 2021 06 30,5 13,9 21,5 7,4 107,0 37,2 28 6,6 01 18 0 0 0 2021 07 29,6 15,7 21,8 1,0 78,7 35,9 08 12,0 02 11 0 0 0 2021 08 27,4 13,8 19,0 28,1 47,3 37,1 16 9,2 30 9 0 0 0 2021 09 26,4 10,0 16,9 46,7 26,0 32,6 12 4,7 23 6 0 0 0 2021 10 16,1 5,2 9,8 241,0 0,0 24,8 04 0,1 14 0 0 0 0 2021 11 9,2 2,1 5,0 389,1 0,0 16,0 04 -4,7 24 0 0 7 0 2021 12 2,8 -1,7 0,3 548,6 0,0 7,7 25 -6,6 20 0 5 25 0 ------------------------------------------------------------------------------------------------ 18,0 6,8 11,6 1771,7 261,0 37,2 jun -9,5 jan 44 7 47 0 PRECIPITATION (mm) MAX ---DAYS OF RAIN--- OBS. OVER YR MO TOTAL DAY DATE 0.30 3.00 30.00 ------------------------------------------------ 2021 01 17,1 10,2 23 5 2 0 2021 02 2021 03 2021 04 2021 05 44,1 13,5 24 13 4 0 2021 06 23,7 11,7 09 8 2 0 2021 07 13,2 8,7 21 4 1 0 2021 08 92,1 28,2 18 7 4 0 2021 09 29,1 11,4 29 7 2 0 2021 10 7,2 3,0 09 7 1 0 2021 11 451,3 170,9 03 13 9 3 2021 12 647,6 151,9 05 18 12 5 ------------------------------------------------ 1325,5 170,9 nov 82 37 8 WIND SPEED (km/h) DOM YR MO AVG HI DATE DIR ----------------------------------- 2021 01 0,1 22,5 19 284 2021 02 2021 03 2021 04 2021 05 0,8 29,2 23 228 2021 06 0,6 25,6 30 213 2021 07 0,1 16,6 11 230 2021 08 0,1 24,8 08 276 2021 09 0,1 20,7 15 216 2021 10 0,2 32,4 07 260 2021 11 0,4 27,7 04 303 2021 12 0,6 25,3 24 1 ----------------------------------- 0,4 32,4 okt 241