MONTHLY CLIMATOLOGICAL SUMMARY for jan 2022 NAME: Domzale ELEV: 296 meter LAT: 46-07.80 N LONG: 014-36.07 E TEMPERATURE (°C), RAIN (mm), WIND SPEED (km/h) HEAT COOL AVG MEAN DEG DEG WIND DOM DAY TEMP HIGH TIME LOW TIME DAYS DAYS RAIN SPEED HIGH TIME DIR --------------------------------------------------------------------------------------- 01 0,2 7,8 15:11 -1,9 06:11 17,8 0,0 2,0 1,2 15,4 12:33 89 02 0,1 5,0 14:50 -1,9 08:27 17,9 0,0 1,0 4,1 144,0 05:36 182 03 2,8 6,1 15:41 -1,3 00:05 15,2 0,0 0,8 1,7 19,5 08:55 349 04 7,2 9,8 20:05 4,2 01:20 10,8 0,0 0,0 1,8 85,3 09:44 313 05 7,8 12,7 13:49 0,0 21:10 10,2 0,0 164,1 1,4 21,6 10:05 226 06 1,1 5,9 14:29 -1,8 23:55 16,9 0,0 83,1 0,2 8,7 15:44 330 07 -2,2 1,8 15:04 -3,8 09:28 20,2 0,0 1,0 0,9 9,7 11:41 65 08 09 -3,1 -0,1 14:35 -5,9 02:57 21,1 0,0 1,0 0,4 7,2 17:32 98 10 -0,1 6,3 14:52 -3,1 23:51 18,1 0,0 1,0 0,5 10,5 14:38 180 11 -1,1 4,8 15:00 -5,8 07:36 19,1 0,0 1,0 1,1 18,3 21:06 175 12 -3,2 4,5 14:59 -7,8 07:58 21,2 0,0 0,0 0,8 12,6 15:33 71 13 -4,0 5,9 15:08 -9,6 07:34 22,0 0,0 0,0 0,4 7,6 12:28 118 14 -1,5 10,5 15:31 -7,3 07:20 19,5 0,0 0,0 0,3 6,4 10:39 199 15 -0,7 9,3 15:26 -6,1 07:40 18,7 0,0 0,0 0,3 7,6 13:27 306 16 -3,2 -0,7 14:01 -5,0 00:59 21,2 0,0 0,0 0,4 5,5 12:29 82 17 -1,6 4,5 15:36 -4,8 04:44 19,6 0,0 0,0 0,9 9,7 12:33 84 18 -0,1 11,1 15:52 -5,5 04:43 18,1 0,0 0,0 0,6 10,8 12:11 327 19 -3,8 -0,6 14:12 -6,0 04:09 21,8 0,0 0,0 0,4 6,1 15:29 95 20 -0,7 9,2 15:24 -5,8 00:17 18,7 0,0 1,0 0,5 7,2 05:48 4 21 0,3 5,6 15:47 -3,4 07:26 17,7 0,0 0,0 1,3 23,3 11:15 155 22 1,2 3,6 18:43 -0,6 23:11 16,8 0,0 0,0 0,7 15,4 19:36 141 23 1,2 8,8 14:59 -3,0 07:21 16,8 0,0 0,0 0,3 9,0 11:42 167 24 -0,2 1,6 14:25 -2,5 02:52 18,2 0,0 0,0 0,4 11,1 11:55 168 25 0,9 9,1 14:43 -3,9 23:28 17,1 0,0 0,0 0,6 8,7 11:53 244 26 -0,8 5,5 13:48 -5,4 03:03 18,8 0,0 0,0 0,8 15,4 14:47 322 27 -1,4 3,7 15:07 -5,0 06:51 19,4 0,0 1,0 0,3 7,2 11:37 315 28 1,8 11,4 14:09 -4,6 05:15 16,2 0,0 0,0 1,5 30,6 14:48 328 29 -0,4 9,8 15:52 -4,7 07:44 18,4 0,0 0,0 0,5 10,5 02:30 127 30 1,5 15,5 15:50 -5,4 05:42 16,5 0,0 0,0 0,6 11,1 10:33 353 31 -1,8 0,2 14:15 -4,9 04:13 19,8 0,0 1,0 0,4 6,4 17:08 76 --------------------------------------------------------------------------------------- -0,1 15,5 30 -9,6 13 543,7 0,0 258,1 0,8 144,0 02 189