MONTHLY CLIMATOLOGICAL SUMMARY for mar 2022 NAME: Domzale ELEV: 296 meter LAT: 46-07.80 N LONG: 014-36.07 E TEMPERATURE (°C), RAIN (mm), WIND SPEED (km/h) HEAT COOL AVG MEAN DEG DEG WIND DOM DAY TEMP HIGH TIME LOW TIME DAYS DAYS RAIN SPEED HIGH TIME DIR --------------------------------------------------------------------------------------- 01 2,2 10,6 15:33 -3,9 23:51 15,8 0,0 0,0 1,2 19,8 14:14 154 02 0,9 13,9 16:04 -7,2 06:46 17,1 0,0 0,0 0,6 11,1 13:36 182 03 3,1 16,2 16:13 -7,1 06:40 14,9 0,0 0,0 0,8 15,4 22:19 218 04 3,1 10,1 14:20 -4,6 06:43 14,9 0,0 0,0 1,1 21,2 12:23 164 05 1,0 8,5 13:07 -5,6 07:04 17,0 0,0 0,0 1,2 23,3 13:33 268 06 2,8 8,1 15:26 -0,3 23:45 15,2 0,0 0,0 1,8 24,8 12:34 161 07 1,1 8,5 15:24 -5,0 06:43 16,9 0,0 0,0 1,1 16,3 11:30 161 08 1,9 10,4 15:48 -4,0 00:27 16,1 0,0 0,0 1,2 29,5 11:54 272 09 2,2 14,4 16:16 -6,6 05:00 15,8 0,0 0,0 0,6 11,9 13:27 219 10 3,9 14,6 14:50 -5,5 06:26 14,1 0,0 0,0 1,4 23,3 14:36 152 11 2,7 9,8 15:03 -4,3 23:52 15,3 0,0 0,0 1,4 30,6 12:16 156 12 0,1 10,7 15:51 -8,5 06:09 17,9 0,0 0,0 1,0 18,7 13:20 145 13 1,2 12,0 15:11 -8,7 06:54 16,8 0,0 0,0 1,7 24,5 13:04 201 14 4,4 14,3 15:42 -5,0 05:07 13,6 0,0 0,0 1,6 24,8 12:43 187 15 4,8 11,3 12:26 -2,5 05:12 13,2 0,0 0,0 2,2 25,3 14:40 200 16 10,2 16,0 14:58 6,6 23:38 7,8 0,0 0,0 1,5 37,0 12:34 210 17 8,8 15,7 13:58 2,9 06:47 9,2 0,0 0,0 1,0 23,3 11:13 184 18 7,0 13,9 12:28 0,7 23:51 11,0 0,0 0,0 1,3 24,5 14:57 260 19 5,2 13,8 14:31 -2,9 06:23 12,8 0,0 0,0 1,2 19,8 12:26 246 20 5,9 12,7 15:22 -1,6 23:54 12,1 0,0 0,0 1,2 25,6 10:13 187 21 4,5 16,0 15:42 -4,6 06:19 13,5 0,0 0,0 1,1 16,3 11:05 207 22 5,4 18,7 16:10 -4,9 06:18 12,6 0,0 0,0 0,9 15,8 13:05 174 23 7,7 23,6 16:16 -4,1 06:14 10,3 0,0 0,0 0,7 10,1 14:58 257 24 9,6 25,8 15:20 -3,0 06:08 8,4 0,0 0,0 0,8 12,2 18:10 256 25 10,1 23,7 15:30 -1,3 05:41 7,9 0,0 0,0 0,6 12,6 11:36 286 26 10,3 24,2 15:50 -0,8 05:41 7,7 0,0 0,0 0,6 11,6 14:27 222 27 10,6 24,4 17:11 -0,7 06:42 7,4 0,0 0,0 0,6 11,6 12:28 274 28 10,9 22,7 15:32 -0,1 07:11 7,1 0,0 0,0 1,9 26,7 18:14 191 29 10,2 19,0 15:21 0,8 06:51 7,8 0,0 0,0 2,4 29,1 13:07 210 30 9,0 12,6 14:02 4,7 06:44 9,0 0,0 3,0 0,8 15,4 16:28 259 31 7,4 8,8 10:48 5,7 23:21 10,6 0,0 258,8 1,9 16,9 14:45 326 --------------------------------------------------------------------------------------- 5,4 25,8 24 -8,7 13 389,5 0,0 261,9 1,2 37,0 16 204