MONTHLY CLIMATOLOGICAL SUMMARY for maj 2022 NAME: Domzale ELEV: 296 meter LAT: 46-07.80 N LONG: 014-36.07 E TEMPERATURE (°C), RAIN (mm), WIND SPEED (km/h) HEAT COOL AVG MEAN DEG DEG WIND DOM DAY TEMP HIGH TIME LOW TIME DAYS DAYS RAIN SPEED HIGH TIME DIR --------------------------------------------------------------------------------------- 01 11,2 21,0 13:11 7,6 05:12 6,8 0,0 133,9 1,4 18,0 13:30 310 02 13,9 22,5 17:33 9,3 06:36 4,1 0,0 50,0 1,1 15,1 16:21 301 03 14,0 22,9 16:04 6,0 05:05 4,0 0,0 0,0 0,8 14,8 13:15 178 04 14,8 25,1 16:28 5,2 05:54 3,2 0,0 0,0 1,2 25,3 17:41 185 05 14,7 22,9 14:03 5,7 05:39 3,3 0,0 0,0 0,8 14,8 14:33 196 06 13,0 15,4 16:55 10,9 06:31 5,0 0,0 5,1 0,9 13,4 15:38 324 07 13,1 15,2 17:04 11,5 06:19 4,9 0,0 41,9 0,9 11,6 12:05 322 08 17,7 22,0 18:09 11,7 23:57 0,3 0,0 0,0 1,5 21,9 11:53 272 09 15,3 24,6 16:42 9,0 03:13 2,7 0,0 2,0 1,1 26,2 16:58 297 10 16,4 27,3 15:56 7,6 04:47 1,6 0,0 0,0 0,8 16,9 16:54 169 11 11,5 12,0 00:02 11,1 00:43 6,5 0,0 0,0 0,0 3,2 00:19 340 12 13 14 15 16 17 18 19 20 21 22 23 24 25 26 27 28 11,2 11,6 20:10 11,1 21:16 6,8 0,0 21,8 0,6 9,3 15:59 298 29 8,2 9,4 19:47 6,8 23:52 9,8 0,0 11,9 0,7 12,2 14:05 272 30 10,9 16,8 15:17 5,2 01:56 7,1 0,0 5,1 1,0 16,3 14:56 157 31 17,0 27,8 16:20 8,4 02:02 1,0 0,0 0,0 0,9 12,6 13:57 195 --------------------------------------------------------------------------------------- 14,1 27,8 31 5,2 04 67,0 0,0 271,8 1,0 26,2 09 271