MONTHLY CLIMATOLOGICAL SUMMARY for jul 2022 NAME: Domzale ELEV: 296 meter LAT: 46-07.80 N LONG: 014-36.07 E TEMPERATURE (°C), RAIN (mm), WIND SPEED (km/h) HEAT COOL AVG MEAN DEG DEG WIND DOM DAY TEMP HIGH TIME LOW TIME DAYS DAYS RAIN SPEED HIGH TIME DIR --------------------------------------------------------------------------------------- 01 25,1 35,3 14:15 17,2 05:37 0,0 7,1 0,0 0,7 18,7 15:36 312 02 23,8 32,2 17:05 15,8 05:44 0,0 5,8 0,0 0,8 13,7 13:36 157 03 25,0 36,7 16:31 14,8 05:25 0,0 7,0 0,0 0,7 17,2 15:13 147 04 26,4 35,8 15:12 16,9 05:27 0,0 8,4 11,9 0,7 14,8 13:39 191 05 23,8 31,3 15:18 18,4 05:34 0,0 5,8 82,0 0,9 16,3 00:44 277 06 23,4 33,3 16:35 16,3 03:58 0,0 5,4 0,0 0,6 13,0 18:33 180 07 19,6 29,4 14:40 15,2 23:01 0,0 1,6 94,0 0,9 23,8 16:51 314 08 20,0 28,4 18:42 14,3 02:57 0,0 2,0 0,0 1,1 18,7 16:29 310 09 19,2 29,5 17:55 9,2 05:38 0,0 1,2 0,0 0,7 15,4 14:03 287 10 18,9 28,0 16:06 14,2 05:26 0,0 0,9 7,9 0,5 11,6 16:22 215 11 20,2 27,9 16:42 14,3 07:00 0,0 2,2 0,0 0,7 18,0 15:08 194 12 20,5 30,8 15:50 11,4 05:51 0,0 2,5 0,0 0,8 16,6 18:45 251 13 22,3 33,4 16:43 11,7 05:18 0,0 4,3 0,0 0,9 13,7 16:45 179 14 24,9 35,6 14:03 15,9 03:36 0,0 6,9 0,0 1,0 17,7 14:43 164 15 23,0 31,9 14:08 14,9 05:37 0,0 5,0 32,0 1,2 21,9 13:02 216 16 23,7 33,5 16:56 16,0 04:48 0,0 5,7 0,0 0,7 13,4 11:50 180 17 23,0 31,5 16:31 17,1 05:57 0,0 5,0 19,1 0,9 14,3 12:16 193 18 22,8 33,3 16:25 12,6 05:45 0,0 4,8 0,0 0,7 14,8 13:33 156 19 23,8 35,8 16:44 12,5 05:21 0,0 5,8 0,0 0,6 13,7 14:20 164 20 24,9 36,9 16:57 13,4 05:34 0,0 6,9 0,0 0,6 12,6 12:46 150 21 25,4 38,0 14:52 14,0 05:22 0,0 7,4 0,0 0,6 13,7 14:05 142 22 27,0 38,0 16:15 16,8 05:46 0,0 9,0 0,0 0,6 13,0 13:52 13 23 27,1 38,0 13:51 17,0 05:46 0,0 9,1 0,0 1,0 19,5 15:02 165 24 26,4 35,5 16:50 19,1 06:34 0,0 8,4 27,2 0,8 15,8 12:12 156 25 27,1 38,0 16:58 18,0 05:47 0,0 9,1 0,0 0,7 12,6 10:51 163 26 22,7 29,3 17:23 19,5 23:43 0,0 4,7 26,9 0,4 16,6 15:49 157 27 23,0 31,1 15:33 17,6 06:14 0,0 5,0 8,9 0,8 16,3 21:07 261 28 23,6 32,9 17:08 15,0 05:38 0,0 5,6 0,0 0,8 15,4 13:02 197 29 24,3 36,0 16:04 14,7 06:07 0,0 6,3 0,0 1,0 16,9 19:52 319 30 21,1 28,4 16:58 16,2 23:50 0,0 3,1 39,1 0,5 13,0 17:58 179 31 22,1 34,0 18:27 13,4 05:13 0,0 4,1 0,0 0,5 10,5 12:45 234 --------------------------------------------------------------------------------------- 23,3 38,0 21 9,2 09 0,0 166,0 349,0 0,8 23,8 07 195