MONTHLY CLIMATOLOGICAL SUMMARY for sep 2022 NAME: Domzale ELEV: 296 meter LAT: 46-07.80 N LONG: 014-36.07 E TEMPERATURE (°C), RAIN (mm), WIND SPEED (km/h) HEAT COOL AVG MEAN DEG DEG WIND DOM DAY TEMP HIGH TIME LOW TIME DAYS DAYS RAIN SPEED HIGH TIME DIR --------------------------------------------------------------------------------------- 01 16,2 19,1 14:35 12,8 23:59 1,8 0,0 17,8 0,6 9,7 14:30 201 02 17,0 26,3 15:38 10,6 05:45 1,0 0,0 0,0 0,5 9,3 11:46 194 03 17,8 29,4 15:59 9,6 06:15 0,2 0,0 0,0 0,6 11,6 16:52 197 04 19,3 31,8 15:58 11,7 06:09 0,0 1,3 14,2 0,8 18,3 16:46 292 05 19,9 31,5 16:50 12,5 05:24 0,0 1,9 1,8 0,5 11,1 14:54 290 06 22,2 33,2 15:49 13,9 06:36 0,0 4,2 0,0 0,7 16,9 16:40 209 07 22,5 31,2 14:59 15,4 06:55 0,0 4,5 0,0 1,0 21,6 16:17 179 08 17,6 21,6 17:46 15,0 06:39 0,4 0,0 78,2 0,3 12,2 11:49 314 09 17,7 20,9 15:51 15,8 23:47 0,3 0,0 84,1 0,4 9,3 10:07 314 10 17,3 28,1 16:43 11,5 23:54 0,7 0,0 77,0 0,7 26,2 18:11 300 11 16,6 26,9 17:01 11,2 00:45 1,4 0,0 0,0 0,6 10,8 16:49 244 12 17,2 29,3 17:14 8,7 06:09 0,8 0,0 0,0 0,4 11,9 14:31 259 13 18,2 28,1 14:57 9,6 06:31 0,0 0,2 0,0 1,2 19,5 15:26 194 14 20,5 25,3 15:49 14,8 02:30 0,0 2,5 2,0 1,2 17,7 17:07 198 15 19,0 23,7 10:29 15,7 21:03 0,0 1,0 659,1 1,0 54,7 16:18 234 16 14,1 16,0 00:22 11,9 20:15 3,9 0,0 955,5 0,5 15,4 12:03 292 17 10,4 12,2 00:01 7,8 21:37 7,6 0,0 290,8 0,2 7,2 07:13 275 18 11,6 21,0 16:30 5,6 07:09 6,4 0,0 0,0 0,7 9,0 14:05 305 19 14,1 23,9 16:48 8,7 23:59 3,9 0,0 23,1 0,9 19,2 13:59 321 20 11,7 22,4 15:54 3,5 06:48 6,3 0,0 1,0 0,7 14,3 17:19 267 21 10,5 20,0 17:08 5,7 23:43 7,5 0,0 1,0 0,6 13,4 13:36 305 22 9,6 21,2 16:28 1,9 07:07 8,4 0,0 0,0 0,4 10,5 13:45 176 23 10,5 23,3 17:07 2,3 06:24 7,5 0,0 0,0 0,4 9,3 16:30 215 24 11,3 17,9 12:27 4,9 07:12 6,7 0,0 2,0 0,5 11,1 15:51 324 25 12,5 13,4 16:18 11,7 08:15 5,5 0,0 620,8 0,4 7,2 12:06 323 26 13,2 19,0 15:49 10,3 20:44 4,8 0,0 135,1 0,2 13,4 17:57 351 27 11,2 13,4 14:35 9,2 22:44 6,8 0,0 208,8 0,5 14,3 17:34 330 28 10,8 15,0 16:36 7,7 05:44 7,2 0,0 75,4 0,5 8,2 16:45 274 29 11,1 12,8 11:09 9,9 18:10 6,9 0,0 438,9 0,8 15,4 14:16 315 30 13,4 18,4 12:53 10,3 00:14 4,6 0,0 222,0 0,3 11,6 01:54 317 --------------------------------------------------------------------------------------- 15,2 33,2 06 1,9 22 100,5 15,6 3908,8 0,6 54,7 15 264