MONTHLY CLIMATOLOGICAL SUMMARY for jan 2023 NAME: Domzale ELEV: 296 meter LAT: 46-07.80 N LONG: 014-36.07 E TEMPERATURE (°C), RAIN (mm), WIND SPEED (km/h) HEAT COOL AVG MEAN DEG DEG WIND DOM DAY TEMP HIGH TIME LOW TIME DAYS DAYS RAIN SPEED HIGH TIME DIR --------------------------------------------------------------------------------------- 01 02 03 04 05 06 07 08 09 3,9 4,3 22:03 3,7 23:28 14,1 0,0 0,0 1,0 6,9 22:35 205 10 5,0 12,2 14:38 -2,0 23:19 13,0 0,0 0,0 1,3 33,2 14:21 310 11 -0,1 4,9 14:50 -4,5 05:33 18,1 0,0 0,0 0,3 6,9 14:08 121 12 3,3 12,0 15:29 -1,2 23:24 14,7 0,0 0,0 0,3 7,2 13:01 315 13 2,1 6,0 14:18 -1,1 07:50 15,9 0,0 0,0 0,1 5,5 16:27 334 14 3,5 10,0 15:09 0,7 05:27 14,5 0,0 3,0 0,2 7,6 14:17 236 15 3,4 8,3 15:07 -0,7 04:53 14,6 0,0 102,9 0,5 13,7 23:50 330 16 1,0 6,2 00:00 -0,2 04:59 17,0 0,0 257,0 0,5 16,3 00:19 341 17 0,3 1,6 11:34 -0,4 05:41 17,7 0,0 133,9 0,5 7,9 13:36 198 18 1,1 3,8 13:03 -0,1 00:02 16,9 0,0 222,0 1,3 8,7 14:29 213 19 0,8 2,8 12:59 0,0 10:07 17,2 0,0 94,0 0,8 7,6 22:56 211 20 -0,2 1,4 13:59 -2,3 23:58 18,2 0,0 11,9 1,0 8,2 08:04 215 21 -0,6 3,4 13:21 -4,3 04:06 18,6 0,0 3,0 1,2 15,4 17:06 215 22 0,0 2,0 13:37 -1,6 07:28 18,0 0,0 10,2 0,4 11,9 22:35 327 23 1,4 2,9 11:52 -0,3 01:59 16,6 0,0 228,1 0,6 15,1 09:28 298 24 1,5 3,3 12:45 0,1 04:30 16,5 0,0 18,0 0,3 5,8 09:21 273 25 2,0 4,1 11:54 0,7 03:39 16,0 0,0 0,0 0,7 13,0 12:41 264 26 1,2 2,4 14:36 0,6 23:12 16,8 0,0 0,0 1,0 17,7 09:02 134 27 0,8 5,0 12:17 -2,4 23:54 17,2 0,0 1,0 1,5 26,7 16:54 132 28 -0,9 1,2 15:01 -4,0 05:46 18,9 0,0 0,0 0,1 4,7 14:19 321 29 0,4 2,6 13:29 -0,7 02:43 17,6 0,0 0,0 0,3 7,6 23:12 165 30 -0,2 9,5 15:29 -3,8 23:26 18,2 0,0 0,0 0,6 14,8 23:55 285 31 1,9 11,6 14:48 -4,0 01:44 16,1 0,0 0,0 1,5 17,7 05:01 146 --------------------------------------------------------------------------------------- 1,3 12,2 10 -4,5 11 382,3 0,0 1085,1 0,7 33,2 10 223 Updated: 01. 02. 2023 00:00:00