MONTHLY CLIMATOLOGICAL SUMMARY for feb 2023 NAME: Domzale ELEV: 296 meter LAT: 46-07.80 N LONG: 014-36.07 E TEMPERATURE (°C), RAIN (mm), WIND SPEED (km/h) HEAT COOL AVG MEAN DEG DEG WIND DOM DAY TEMP HIGH TIME LOW TIME DAYS DAYS RAIN SPEED HIGH TIME DIR --------------------------------------------------------------------------------------- 01 0,3 12,2 15:47 -6,0 06:47 17,7 0,0 0,0 0,5 8,7 09:53 347 02 1,8 12,1 15:08 -5,3 07:05 16,2 0,0 1,0 0,7 13,0 12:30 136 03 3,4 10,9 14:53 -1,8 07:29 14,6 0,0 0,0 0,7 16,3 16:03 242 04 5,5 12,4 11:28 -1,5 04:34 12,5 0,0 0,0 3,3 41,0 08:53 317 05 -0,7 4,9 15:14 -4,0 23:57 18,7 0,0 0,0 0,6 12,6 13:32 220 06 -3,2 0,8 15:09 -6,3 23:52 21,2 0,0 0,0 0,5 12,6 13:08 152 07 -3,7 4,9 15:30 -9,4 06:26 21,7 0,0 0,0 0,8 9,7 13:43 126 08 -3,7 2,1 12:18 -9,2 03:50 21,7 0,0 0,0 1,0 22,7 17:22 122 09 -1,9 5,4 15:46 -7,1 23:35 19,9 0,0 0,0 1,0 19,8 13:44 140 10 -3,3 7,5 15:21 -9,9 06:21 21,3 0,0 0,0 0,5 9,0 12:59 153 11 -2,4 6,6 15:15 -9,3 06:51 20,4 0,0 0,0 0,4 7,9 14:21 121 12 2,1 14,3 15:42 -4,3 04:15 15,9 0,0 0,0 0,5 9,7 14:49 304 13 3,9 14,7 15:45 -2,8 23:58 14,1 0,0 0,0 0,4 9,7 13:33 191 14 1,6 15,2 16:00 -5,3 06:14 16,4 0,0 0,0 0,4 9,3 14:09 243 15 0,1 12,9 15:42 -4,9 04:48 17,9 0,0 0,0 0,4 8,7 13:06 143 16 2,9 12,8 14:50 -4,7 03:33 15,1 0,0 0,0 0,7 12,6 16:10 184 17 5,8 14,3 13:50 -1,7 07:16 12,2 0,0 0,0 1,6 23,8 17:05 228 18 7,3 11,5 14:36 2,6 01:40 10,7 0,0 0,0 1,2 20,9 17:32 233 19 7,4 12,2 15:18 0,7 23:56 10,6 0,0 0,0 1,2 19,5 15:16 269 20 4,8 18,7 15:28 -1,9 06:13 13,2 0,0 0,0 0,6 18,0 16:25 188 21 5,9 14,6 15:13 -0,1 05:37 12,1 0,0 0,0 1,2 19,2 12:47 233 22 5,2 17,9 16:17 -2,0 05:37 12,8 0,0 0,0 0,3 8,2 14:40 301 23 4,0 7,2 15:39 0,3 02:48 14,0 0,0 0,0 0,1 4,3 10:45 340 24 5,2 11,2 14:17 -0,5 06:54 12,8 0,0 2,0 1,2 19,5 14:38 295 25 8,6 12,2 13:42 1,3 23:41 9,4 0,0 83,8 1,4 23,8 04:35 241 26 1,1 2,9 14:34 -0,1 21:49 16,9 0,0 38,1 2,1 28,0 12:03 142 27 1,1 4,5 12:52 -0,8 21:05 16,9 0,0 0,0 1,7 21,2 12:19 144 28 1,5 3,8 14:16 -0,3 00:02 16,5 0,0 0,0 1,4 25,3 15:15 141 --------------------------------------------------------------------------------------- 2,2 18,7 20 -9,9 10 443,3 0,0 125,0 0,9 41,0 04 220 Updated: 01. 03. 2023 00:00:00