MONTHLY CLIMATOLOGICAL SUMMARY for apr 2023 NAME: Domzale ELEV: 296 meter LAT: 46-07.80 N LONG: 014-36.07 E TEMPERATURE (°C), RAIN (mm), WIND SPEED (km/h) HEAT COOL AVG MEAN DEG DEG WIND DOM DAY TEMP HIGH TIME LOW TIME DAYS DAYS RAIN SPEED HIGH TIME DIR --------------------------------------------------------------------------------------- 01 02 03 04 05 0,0 1,0 22:30 -0,8 23:57 18,0 0,0 0,0 0,5 2,9 22:29 349 06 4,8 16,8 17:00 -4,7 06:36 13,2 0,0 0,0 0,9 13,0 11:24 257 07 7,2 19,1 15:48 -3,5 06:09 10,8 0,0 0,0 1,3 26,7 17:11 185 08 7,3 13,5 14:57 2,8 06:38 10,7 0,0 20,8 0,7 11,9 20:49 301 09 6,2 11,9 16:47 2,5 05:56 11,8 0,0 5,1 1,0 18,0 15:02 307 10 7,6 18,8 17:09 -1,6 06:46 10,4 0,0 0,0 1,1 21,2 13:23 160 11 7,6 17,1 17:10 0,2 04:12 10,4 0,0 0,0 0,9 24,1 17:25 197 12 10,2 17,7 13:58 2,0 03:54 7,8 0,0 0,0 1,2 16,9 14:03 215 13 7,6 11,2 00:00 4,3 23:38 10,4 0,0 384,8 1,5 20,9 12:49 326 14 6,1 10,3 16:47 3,1 03:16 11,9 0,0 61,2 0,8 10,5 13:06 137 15 7,1 11,0 12:48 5,0 23:56 10,9 0,0 62,0 0,9 18,3 14:47 314 16 8,6 15,7 15:09 3,8 05:54 9,4 0,0 0,0 1,0 17,2 13:23 246 17 11,6 18,3 14:37 6,4 06:38 6,4 0,0 0,0 1,5 29,9 16:24 320 18 12,4 18,2 10:15 6,8 06:39 5,6 0,0 1,0 1,1 23,8 21:36 273 19 13,1 19,8 17:13 8,3 05:42 4,9 0,0 0,0 1,1 21,2 15:19 234 20 10,5 14,0 17:43 7,7 22:49 7,5 0,0 0,0 1,8 18,0 16:50 319 21 11,5 20,4 15:13 6,0 23:50 6,5 0,0 4,8 0,7 17,7 18:17 302 22 12,7 25,0 17:09 2,9 05:31 5,3 0,0 1,0 0,6 14,3 14:00 248 23 13,9 22,4 17:48 4,3 06:07 4,1 0,0 0,0 1,2 22,4 17:57 231 24 11,4 14,0 00:20 9,2 23:06 6,6 0,0 144,0 0,7 10,1 13:38 327 25 10,9 17,7 18:26 5,7 23:54 7,1 0,0 0,0 1,0 15,1 12:55 322 26 10,3 19,4 16:39 1,5 06:08 7,7 0,0 22,9 1,0 14,8 11:34 174 27 12,5 21,7 17:19 5,1 06:22 5,5 0,0 0,0 0,8 11,1 10:53 274 28 10,8 17,9 12:52 4,3 05:48 7,2 0,0 2,0 0,6 20,9 13:51 311 29 14,3 25,1 16:06 7,1 06:20 3,7 0,0 4,1 1,3 33,5 18:42 297 30 14,3 22,1 16:47 7,8 05:04 3,7 0,0 0,0 0,9 19,5 15:24 162 --------------------------------------------------------------------------------------- 10,0 25,1 29 -4,7 06 217,7 0,0 713,7 1,0 33,5 29 287 Updated: 01. 05. 2023 00:00:00