MONTHLY CLIMATOLOGICAL SUMMARY for maj 2023 NAME: Domzale ELEV: 296 meter LAT: 46-07.80 N LONG: 014-36.07 E TEMPERATURE (°C), RAIN (mm), WIND SPEED (km/h) HEAT COOL AVG MEAN DEG DEG WIND DOM DAY TEMP HIGH TIME LOW TIME DAYS DAYS RAIN SPEED HIGH TIME DIR --------------------------------------------------------------------------------------- 01 13,0 19,2 14:20 5,4 05:58 5,0 0,0 17,0 1,4 19,8 19:31 325 02 11,8 13,7 15:16 10,4 06:13 6,2 0,0 153,9 0,6 12,2 03:27 323 03 12,7 16,8 15:57 9,9 23:57 5,3 0,0 15,0 0,4 10,5 14:11 313 04 14,0 22,7 16:16 5,6 05:19 4,0 0,0 0,0 0,8 15,8 15:03 163 05 16,0 27,4 17:16 5,5 05:39 2,0 0,0 0,0 0,7 13,7 17:38 163 06 17,0 28,6 16:41 8,5 06:44 1,0 0,0 13,0 0,9 22,7 17:30 174 07 17,5 27,8 14:56 9,0 05:51 0,5 0,0 9,1 1,0 24,1 16:09 253 08 12,6 14,5 00:00 10,5 08:59 5,4 0,0 27,9 0,7 13,0 08:51 283 09 13,9 20,9 16:32 8,4 23:21 4,1 0,0 0,0 1,0 18,3 13:47 192 10 10,9 15,7 11:12 6,0 02:35 7,1 0,0 77,0 0,5 11,1 11:24 188 11 10,8 11,7 11:52 10,1 00:01 7,2 0,0 206,0 0,6 15,4 11:17 314 12 11,4 13,3 09:54 9,9 04:52 6,6 0,0 121,2 0,4 7,2 13:25 281 13 11,8 15,4 17:17 9,9 00:08 6,2 0,0 79,0 0,9 16,3 15:44 317 14 11,3 13,7 11:25 9,8 23:23 6,7 0,0 141,0 1,0 11,6 17:04 322 15 14,4 21,4 14:36 9,2 05:15 3,6 0,0 20,1 0,9 15,8 16:54 199 16 12,2 13,9 16:53 10,7 23:09 5,8 0,0 119,1 0,7 16,6 12:03 317 17 11,5 13,6 16:20 9,8 23:56 6,5 0,0 50,8 0,3 8,2 17:11 162 18 12,7 18,9 15:16 7,0 03:45 5,3 0,0 0,0 1,0 13,7 14:56 167 19 13,4 18,8 13:09 10,6 01:45 4,6 0,0 0,0 0,8 18,0 13:59 258 20 17,1 23,9 17:36 11,8 05:48 0,9 0,0 0,0 1,1 18,0 15:43 304 21 19,1 27,5 16:19 10,3 06:05 0,0 1,1 0,0 1,4 26,2 12:42 315 22 19,8 29,6 17:01 10,8 05:18 0,0 1,8 0,0 0,7 16,3 13:11 308 23 18,1 30,5 15:00 10,1 05:24 0,0 0,1 17,0 0,8 21,2 16:25 322 24 16,6 21,1 12:47 13,8 05:06 1,4 0,0 11,2 0,6 10,8 13:04 297 25 20,0 27,8 16:50 14,9 05:08 0,0 2,0 0,0 0,6 11,1 11:22 164 26 20,2 29,9 17:03 12,5 05:06 0,0 2,2 0,0 0,5 10,1 11:45 225 27 19,0 27,0 15:17 10,7 05:29 0,0 1,0 0,0 1,0 21,2 11:29 165 28 18,3 26,9 15:47 9,9 05:49 0,0 0,3 0,0 0,7 12,6 17:12 172 29 18,9 28,1 15:52 9,7 05:34 0,0 0,9 0,0 0,8 15,4 11:10 176 30 18,5 26,9 16:41 11,5 03:06 0,0 0,5 0,0 0,7 18,0 12:19 164 31 15,5 21,8 16:29 9,6 05:06 2,5 0,0 30,0 0,3 10,1 16:35 301 --------------------------------------------------------------------------------------- 15,2 30,5 23 5,4 01 97,8 9,9 1108,2 0,8 26,2 21 287 Updated: 01. 06. 2023 00:00:00