MONTHLY CLIMATOLOGICAL SUMMARY for jul 2024 NAME: Domzale ELEV: 296 meter LAT: 46-07.80 N LONG: 014-36.03 E TEMPERATURE (°C), RAIN (mm), WIND SPEED (km/h) HEAT COOL AVG MEAN DEG DEG WIND DOM DAY TEMP HIGH TIME LOW TIME DAYS DAYS RAIN SPEED HIGH TIME DIR --------------------------------------------------------------------------------------- 01 19,7 29,8 11:17 16,3 23:46 0,0 1,7 303,0 0,2 12,2 12:39 312 02 19,5 30,2 15:53 15,0 05:45 0,0 1,5 3,0 0,1 5,8 13:46 302 03 18,9 29,1 16:44 12,3 03:19 0,0 0,9 0,0 0,0 6,1 16:58 261 04 20,1 29,7 17:58 14,8 23:59 0,0 2,1 0,0 0,1 9,0 13:14 235 05 20,8 30,8 16:29 12,0 05:45 0,0 2,8 0,0 0,5 14,8 17:18 234 06 20,6 30,3 17:19 13,1 05:35 0,0 2,6 0,0 0,7 16,9 16:23 202 07 21,8 29,2 13:36 15,5 06:17 0,0 3,8 6,9 0,2 15,8 12:05 261 08 23,7 32,8 14:52 17,9 01:36 0,0 5,7 0,0 0,2 7,6 14:56 314 09 26,1 34,8 14:51 19,0 05:01 0,0 8,1 0,0 0,2 6,4 11:38 93 10 26,2 34,8 14:36 19,5 05:45 0,0 8,2 0,0 0,1 8,7 12:46 123 11 26,8 35,7 15:30 19,1 05:51 0,0 8,8 0,0 0,3 10,1 18:19 138 12 24,8 34,4 14:41 19,8 23:22 0,0 6,8 78,2 0,3 34,9 15:50 330 13 24,5 34,8 17:55 18,8 03:32 0,0 6,5 41,9 0,3 24,8 14:10 312 14 19,7 21,6 21:59 18,3 23:58 0,0 1,7 0,0 0,0 0,0 21:59 90 15 24,4 36,9 18:28 15,1 05:00 0,0 6,4 0,0 0,2 8,2 14:34 191 16 25,4 36,0 17:56 16,1 05:39 0,0 7,4 0,0 0,3 10,8 16:53 236 17 25,9 33,4 14:31 19,1 05:54 0,0 7,9 0,0 0,6 11,1 23:35 311 18 26,3 34,1 16:22 19,9 05:48 0,0 8,3 0,0 0,6 10,5 12:33 319 19 25,9 34,1 15:15 17,7 22:48 0,0 7,9 401,1 1,0 44,6 22:32 320 20 19,7 22,5 18:57 17,9 23:39 0,0 1,7 97,8 0,1 6,9 00:03 213 21 23,4 32,4 18:02 17,0 01:52 0,0 5,4 0,0 0,4 19,8 08:42 240 22 23,7 31,9 16:14 18,7 23:48 0,0 5,7 158,2 0,5 35,2 20:27 211 23 21,6 30,9 14:04 17,3 05:45 0,0 3,6 35,8 0,6 18,3 17:52 304 24 21,1 29,6 17:42 15,7 05:28 0,0 3,1 6,1 0,3 6,9 10:18 314 25 21,8 30,0 16:50 14,6 05:45 0,0 3,8 0,0 0,3 8,2 15:31 229 26 22,8 34,0 17:40 14,2 05:40 0,0 4,8 0,0 0,4 8,2 13:17 271 27 24,5 34,5 15:39 16,3 05:40 0,0 6,5 0,0 0,5 12,6 16:09 240 28 23,6 34,8 14:42 17,9 05:25 0,0 5,6 36,1 0,8 33,5 16:18 322 29 22,4 30,2 17:57 17,4 06:09 0,0 4,4 1,0 0,6 10,1 15:47 297 30 22,5 32,3 17:10 15,2 05:54 0,0 4,5 0,0 0,4 11,1 10:44 213 31 23,2 34,5 16:40 14,5 05:27 0,0 5,2 0,0 0,3 9,3 12:50 279 --------------------------------------------------------------------------------------- 23,1 36,9 15 12,0 05 0,0 153,6 1169,2 0,4 44,6 19 282 Updated: 31. 07. 2024 23:59:00