MONTHLY CLIMATOLOGICAL SUMMARY for jun 2022 NAME: Domzale ELEV: 296 meter LAT: 46-07.80 N LONG: 014-36.07 E TEMPERATURE (°C), RAIN (mm), WIND SPEED (km/h) HEAT COOL AVG MEAN DEG DEG WIND DOM DAY TEMP HIGH TIME LOW TIME DAYS DAYS RAIN SPEED HIGH TIME DIR --------------------------------------------------------------------------------------- 01 19,8 28,2 13:39 11,3 05:32 0,0 1,8 0,0 0,7 12,6 16:47 176 02 20,9 29,9 14:12 12,8 05:24 0,0 2,9 6,1 1,0 21,2 20:08 207 03 20,9 29,5 14:27 14,8 04:53 0,0 2,9 6,9 0,6 10,5 19:06 279 04 23,8 33,4 16:40 14,7 05:17 0,0 5,8 0,0 1,2 22,7 15:36 182 05 23,4 32,6 14:28 14,3 05:11 0,0 5,4 0,0 0,7 13,0 19:46 235 06 22,5 29,8 14:54 16,5 03:57 0,0 4,5 11,9 0,9 21,6 01:27 144 07 19,8 29,5 13:56 13,2 05:10 0,0 1,8 32,0 1,2 16,3 17:20 190 08 18,5 27,1 18:56 14,0 23:56 0,0 0,5 101,1 0,9 11,9 12:27 188 09 15,2 17,8 15:33 11,0 05:29 2,8 0,0 23,9 0,2 9,3 21:41 208 10 18,9 27,7 17:23 13,9 05:10 0,0 0,9 0,0 0,8 19,5 16:44 282 11 20,6 29,6 18:47 13,3 01:49 0,0 2,6 0,0 0,6 10,8 17:48 312 12 21,4 33,0 17:39 10,6 05:33 0,0 3,4 0,0 0,7 13,4 18:34 167 13 20,4 32,2 15:31 13,0 04:50 0,0 2,4 8,1 0,9 21,2 18:26 330 14 21,2 28,9 18:09 15,0 05:28 0,0 3,2 0,0 0,9 14,3 12:02 162 15 21,4 32,4 16:32 11,4 05:31 0,0 3,4 0,0 0,8 13,0 18:33 205 16 20,8 33,1 14:50 14,3 05:24 0,0 2,8 71,1 0,9 38,1 16:02 280 17 21,3 31,1 15:36 14,6 02:51 0,0 3,3 0,0 1,0 19,5 16:11 178 18 22,2 32,6 16:46 13,4 05:08 0,0 4,2 0,0 0,7 13,4 17:17 163 19 23,2 35,3 16:10 13,0 05:26 0,0 5,2 0,0 1,0 22,4 19:07 170 20 24,0 32,2 15:50 13,6 05:26 0,0 6,0 0,0 1,9 25,9 14:39 175 21 24,4 34,2 15:40 17,6 05:14 0,0 6,4 13,0 1,1 18,3 12:01 202 22 23,7 31,1 16:26 18,9 05:31 0,0 5,7 30,0 0,5 16,6 19:01 215 23 23,7 30,8 15:56 17,4 05:39 0,0 5,7 21,8 0,6 14,3 15:05 211 24 23,8 31,1 17:32 18,3 05:56 0,0 5,8 58,2 1,0 20,6 18:39 219 25 22,5 30,4 14:15 15,3 05:44 0,0 4,5 6,9 0,5 10,8 00:44 171 26 24,6 34,4 17:59 15,2 05:03 0,0 6,6 0,0 1,0 24,8 14:45 174 27 26,0 38,0 16:09 15,4 05:01 0,0 8,0 0,0 1,0 15,4 18:12 333 28 24,5 35,0 15:39 16,5 05:14 0,0 6,5 0,0 1,0 16,9 12:13 330 29 26,0 34,7 15:24 19,3 05:04 0,0 8,0 3,0 1,2 17,7 16:13 329 30 25,8 36,0 17:08 16,9 05:12 0,0 7,8 0,0 0,9 20,6 19:07 186 --------------------------------------------------------------------------------------- 22,2 38,0 27 10,6 12 2,8 128,1 394,0 0,9 38,1 16 200